r?
True
Is 15781383551 composite?
False
Is 17262204339 prime?
False
Is 397740401 composite?
True
Is 497956721 prime?
True
Is 21760129823 a prime number?
False
Is 19234752371 prime?
True
Is 28889404421 a prime number?
False
Is 4422055039 composite?
False
Is 32169382618 composite?
True
Is 2610705503 composite?
True
Is 993766919 a prime number?
False
Is 3529236761 a composite number?
False
Is 293011577 prime?
True
Is 3803979917 composite?
False
Is 29162271751 a composite number?
True
Is 51734337101 composite?
False
Is 11458965667 a composite number?
True
Is 17634634777 composite?
True
Is 7159353143 a prime number?
True
Is 80688343 a composite number?
True
Is 1097251319 composite?
False
Is 2993267869 composite?
False
Is 101264865127 a prime number?
False
Is 8696586077 composite?
False
Is 5836303643 a composite number?
True
Is 145728509555 a composite number?
True
Is 12582302945 prime?
False
Is 14946463283 a composite number?
False
Is 7333954541 a composite number?
False
Is 136093337 a composite number?
False
Is 500747207 a prime number?
False
Is 5068054553 composite?
False
Is 150758371 composite?
False
Is 12195699317 a prime number?
False
Is 741346439 composite?
True
Is 17418733789 composite?
False
Is 92569333 a composite number?
False
Is 1070006563 a composite number?
True
Is 233292893 a composite number?
True
Is 89831841747 a prime number?
False
Is 933698177 a composite number?
True
Is 1853188583 a composite number?
False
Is 154170629 a prime number?
False
Is 5718158389 prime?
True
Is 65444837 a prime number?
False
Is 47609579 prime?
True
Is 1109269697 composite?
True
Is 248101849969 prime?
False
Is 105349117 prime?
True
Is 2831088541 a composite number?
False
Is 49743890813 a prime number?
True
Is 643051193 prime?
False
Is 10767554573 prime?
True
Is 2477633063 a prime number?
True
Is 69901333793 composite?
False
Is 335450051 prime?
False
Is 6291220577 a composite number?
False
Is 802480351 a prime number?
True
Is 459072881 a composite number?
False
Is 7482479861 a prime number?
True
Is 15425021249 a composite number?
True
Is 18888608269 a composite number?
True
Is 54885139 prime?
False
Is 4583711369 composite?
False
Is 74030617277 prime?
False
Is 2243789123 a composite number?
True
Is 4542996373 composite?
False
Is 51273982129 a prime number?
True
Is 2512826119 a prime number?
True
Is 12137639473 a composite number?
False
Is 1059545021 a prime number?
True
Is 25163623783 prime?
False
Is 3975173233 prime?
True
Is 525243767 prime?
True
Is 57007909 a prime number?
False
Is 3249681781 a composite number?
False
Is 109804268003 a prime number?
False
Is 3607749595 a composite number?
True
Is 847695023 a prime number?
False
Is 425523893 prime?
False
Is 15647835395 a prime number?
False
Is 43187563 composite?
True
Is 5990619779 a composite number?
False
Is 100667459153 a composite number?
False
Is 860789557 a composite number?
False
Is 6135754951 a prime number?
True
Is 20045401169 composite?
False
Is 167809571 prime?
True
Is 7721253457 composite?
True
Is 909784693 a composite number?
True
Is 5882279099 a prime number?
True
Is 869935961 prime?
True
Is 94301635381 composite?
False
Is 28295505431 composite?
False
Is 4022293477 a composite number?
True
Is 1606686539 a composite number?
False
Is 427186457 a prime number?
True
Is 105109639 composite?
True
Is 80873705299 a prime number?
False
Is 24397526635 prime?
False
Is 2253966215 prime?
False
Is 76531967 a composite number?
False
Is 1548779 composite?
False
Is 2241771461 prime?
True
Is 897871363 composite?
False
Is 646337087 prime?
False
Is 7664832871 a prime number?
True
Is 2792657741 a composite number?
False
Is 4631352707 composite?
True
Is 254811017693 a prime number?
False
Is 220371031 a composite number?
True
Is 6796303291 a prime number?
True
Is 423477445 composite?
True
Is 1537233281 a prime number?
True
Is 13215806099 composite?
True
Is 77204413799 a prime number?
True
Is 1310706641 a composite number?
False
Is 13588799899 a composite number?
True
Is 29983015063 a prime number?
False
Is 3900478277 a prime number?
True
Is 17943329 a composite number?
False
Is 21868102327 prime?
True
Is 41552525533 a prime number?
True
Is 1916956961 a composite number?
True
Is 274611941 prime?
True
Is 4547452003 a prime number?
False
Is 1278605681 composite?
False
Is 2086640273 prime?
True
Is 4524274201 a prime number?
False
Is 1010548457 a prime number?
False
Is 19299641089 prime?
True
Is 11758992901 a prime number?
True
Is 3654855587 a composite number?
True
Is 15459439867 composite?
True
Is 1217484557 a prime number?
True
Is 107723137 a prime number?
False
Is 1632529937 a prime number?
False
Is 456791767 a composite number?
True
Is 4061877671 composite?
True
Is 171852907 a composite number?
False
Is 825659311 composite?
False
Is 1157293537 a composite number?
False
Is 4836627079 composite?
False
Is 2393151951 composite?
True
Is 1214194781 a composite number?
False
Is 43822639 prime?
False
Is 1952664739 a composite number?
False
Is 146466212279 a composite number?
False
Is 19654792943 a composite number?
False
Is 158546987 a prime number?
True
Is 34640995799 a composite number?
True
Is 3136959251 composite?
False
Is 492249947 composite?
True
Is 49103404187 prime?
True
Is 2132427709 composite?
False
Is 3801408563 composite?
True
Is 1226096143 a composite number?
True
Is 166078965947 a prime number?
True
Is 18112897645 composite?
True
Is 7780773311 a prime number?
True
Is 219114397069 composite?
False
Is 742200791 prime?
False
Is 978033593 prime?
False
Is 5139470081 prime?
True
Is 83257781 composite?
True
Is 15247327351 a composite number?
False
Is 2231519591 a composite number?
True
Is 1865570477 prime?
False
Is 4870003883 composite?
False
Is 383659477 a composite number?
True
Is 46242216757 prime?
False
Is 1316592491 a prime number?
True
Is 12108759493 a prime number?
True
Is 4878958223 a composite number?
False
Is 8286857765 a prime number?
False
Is 2496376301 a composite number?
False
Is 174376187 composite?
True
Is 38278243369 a prime number?
True
Is 952115693 composite?
True
Is 192685865411 a composite number?
True
Is 18769115179 a prime number?
True
Is 165975137 prime?
True
Is 42330679973 prime?
True
Is 574477 prime?
True
Is 415403497 a prime number?
True
Is 17442174907 a composite number?
False
Is 12284277854 a composite number?
True
Is 4689983131 prime?
True
Is 17038615987 prime?
True
Is 2449588747 prime?
False
Is 27689234849 a prime number?
True
Is 186405761 a composite number?
False
Is 82837369 composite?
True
Is 21570078485 prime?
False
Is 195227579 a prime number?
True
Is 3757541519 a composite number?
False
Is 3513297565 composite?
True
Is 3783582449 composite?
False
Is 324311219 a prime number?
True
Is 6009091541 a composite number?
True
Is 8025473735 composite?
True
Is 7393187849 prime?
True
Is 26454882149 prime?
True
Is 4413022487 a composite number?
False
Is 336096521 a composite number?
False
Is 9738442297 prime?
True
Is 112095842419 a prime number?
False
Is 116907062249 composite?
True
Is 2889788651 a composite number?
True
Is 734293841 a composite number?
False
Is 238360501381 composite?
True
Is 65326766143 a prime number?
True
Is 18621635947 composite?
False
Is 1727531431 a composite number?
True
Is 3263667805 a composite number?
True
Is 32217644881 a composite number?
True
Is 5611128673 prime?
True
Is 1226478359 prime?
True
Is 1221267967 a prime number?
True
Is 2230118117 prime?
True
Is 131754293483 prime?
False
Is 172643521 a composite number?
True
Is 253647013 prime?
False
Is 40420812563 a composite number?
False
Is 57842643659 a prime number?
True
Is 482494643 a prime number?
True
Is 73402058 a prime number?
False
Is 11750986703 a prime number?
False
Is 8913180431 a composite number?
False
Is 1288127233 prime?
False
Is 24357087757 composite?
False
Is 718926367 a prime number?
True
Is 413294663 composite?
False
Is 2364405851 a composite number?
True
Is 1233716891 a composite number?
True
Is 7160956567 composite?
True
Is 153698659 prime?
True
Is 113486207 composite?
False
Is 735899761 a prime number?
True
Is 81182177711 composite?
False
Is 46504127 a prime number?
False
Is 24102687347 composite?
False
Is 60303030169 prime?
True
Is 1142292583 prime?
False
Is 2841955531 prime?
True
Is 284